. Suppose h*s + 5*u = 7, 7 + 9 = 5*s - u. Suppose -3 = -s*q + 204. What is the highest common factor of q and 46?
23
Let t = -49 + 35. Let b be -38*t/(-4)*-1. Suppose -3*g - g = -3*p + b, 2*p + 5*g - 58 = 0. Calculate the highest common factor of 13 and p.
13
Let f be (-8)/(-2) + -1 - 0. Suppose 8 = -f*d - 1, 2*d = p - 14. Let v = 4 + -3. Calculate the greatest common factor of p and v.
1
Let m(b) = -20*b - 22. Let l be m(-5). Calculate the greatest common factor of 182 and l.
26
Let z be -1 - 3938/(-20) - 5/(-50). Calculate the greatest common factor of z and 28.
28
Let s(y) = -y**2 + 32*y - 11. Let d be s(31). Calculate the highest common divisor of 12 and d.
4
Let r be -2 - (-7)/((-21)/(-480)). Let a be (-12)/66 + r/22. Let i be ((-364)/8)/a*-2. What is the highest common divisor of i and 26?
13
Let o = -50 - -29. Let u = o + 135. Calculate the highest common divisor of 19 and u.
19
Let c be 213*(-6)/(-9) + (-32)/(-16). Calculate the greatest common factor of c and 18.
18
Let y be 8/14*(-3 - -17). Let t be (-9)/(-2)*32/12. What is the greatest common factor of y and t?
4
Let x(v) = -v**3 - 18*v**2 + 16*v - 22. Let c be x(-19). Let y = -29 + c. Let s be (1/2)/(1/8). What is the highest common divisor of s and y?
2
Let g be ((-6)/12)/((-6)/4176). Calculate the highest common factor of 48 and g.
12
Suppose -4*f + 2 = -0*g - g, -3*g - f = -59. Let h = -58 + 220. What is the highest common divisor of h and g?
18
Let y = 0 - 0. Suppose 0 = -y*n - 3*n + 30. Suppose -323 = 11*x - 1093. What is the greatest common factor of x and n?
10
Suppose -2156*q = -2152*q - 40. Calculate the greatest common factor of q and 10.
10
Let i(s) = -s**3 + 11*s**2 - 16*s - 6. Let u be i(9). Suppose -2*q + 4 = v, -2*v - 10 = -2*q - 0. What is the greatest common factor of q and u?
3
Suppose 2*t - 3*j = 192 - 60, 2*t - 124 = j. Suppose p + t = 2*p. What is the greatest common factor of 24 and p?
12
Suppose 2*k - 40 = k - 2*w, -5*w - 134 = -4*k. Suppose -12*a + 15*a = 162. Calculate the greatest common divisor of k and a.
18
Let f = 37 + 43. Let t = -2 - -7. Let v(n) = n**3 - 4*n**2 - n. Let a be v(t). Calculate the highest common factor of a and f.
20
Let a(w) = -w + 125. Let s be a(0). Let p(t) = -t**3 - 35*t**2 - 40*t - 179. Let i be p(-34). What is the highest common factor of s and i?
25
Let i(m) = m**2 - m + 2. Let p be i(4). Suppose 2119*v = 2115*v - 4*n + 20, 4*n = -8. What is the greatest common factor of p and v?
7
Let j(f) = f**3 - 9*f**2 - 44*f - 24. Let o be j(13). What is the highest common divisor of o and 20?
20
Let h(o) = -o**2 - 51*o + 40. Let u be h(-44). What is the highest common factor of 60 and u?
12
Let w(a) = a - 8. Let z be w(11). Suppose -4*j = z*j - 196. What is the greatest common factor of 14 and j?
14
Suppose 0 = 5*b + 10 + 20. Let i(j) = j**3 + 4*j**2 - 12*j + 1. Let l be i(b). What is the highest common divisor of 1 and l?
1
Suppose 2*u = 21*y - 22*y + 340, 5*u - 2*y = 832. Calculate the highest common factor of u and 63.
21
Let h = 21 - 39. Let t be (-1840)/(-144) + (-4)/h. Calculate the greatest common divisor of 13 and t.
13
Let i = -2 - -4. Let q be 1/i*(-4)/(-1). Suppose q*y = 4 - 2. What is the greatest common divisor of y and 9?
1
Let f be (-1 + 1)/(2/2). Suppose 4*n = -5*y + 685, -645 = -5*y - f*n + 4*n. What is the greatest common divisor of 19 and y?
19
Let b = -1276 + 1324. Calculate the greatest common factor of 176 and b.
16
Suppose 224 = 4*q + 6*i - 3*i, -224 = -4*q + 5*i. What is the highest common divisor of q and 14?
14
Suppose p + 4 = 12. Let h = -43 - -171. What is the greatest common factor of h and p?
8
Let c be (-413)/(-118) + (-653)/(-2). What is the greatest common factor of c and 30?
30
Let t be (15/(-7) + 5)/(1/7). Let a = -3 + 8. Calculate the highest common divisor of a and t.
5
Let n be 22/5 + (-4)/10. Let p = -197 + 127. Let j be 34/14 + -2 + (-810)/p. Calculate the highest common divisor of n and j.
4
Let a = -345 - -2514. Calculate the greatest common divisor of 9 and a.
9
Suppose 0*g - 3*g - d + 12 = 0, -3*d = -2*g + 8. Let h be ((-4)/(-7))/((-34 - -16)/(-1386)). Calculate the greatest common factor of h and g.
4
Suppose u - 2*x + 56 = -60, 4*u - 4*x + 448 = 0. Let d = u + 117. Calculate the highest common divisor of 63 and d.
9
Suppose -163 = -3*i - 4*l, -i + 3*l + 88 = 25. What is the highest common factor of i and 1425?
57
Let m(c) = -2*c**3 + 25*c**2 + 13*c - 38. Let g be m(11). Calculate the greatest common divisor of g and 39.
39
Suppose 81 = 2*i - 63. Let l = 4 + 1. Suppose -5*s = -n - 17, -l*n + 15 = -2*s - 3*s. Calculate the highest common divisor of i and n.
8
Let o = -14 + 36. Suppose -u = u - o. Suppose 2*t - x = 25, t - 2 = -0*t - 3*x. What is the highest common divisor of t and u?
11
Let b = -1189 - -1221. Let a(l) = -3*l. Let m be a(-6). Suppose -n + 4*n = -3*q + m, -3*n = -5*q - 34. Calculate the greatest common divisor of b and n.
8
Let x(u) = -20*u - 6. Let p be x(-2). Let n(q) = 3*q + 29*q - 1 - 16*q + 36*q. Let z be n(1). What is the highest common factor of p and z?
17
Let f be 24/((3/4)/1). Let u = 16 + 8. Calculate the highest common factor of f and u.
8
Let p = 857 - 483. What is the greatest common factor of 22 and p?
22
Let r = -175 + 78. Let g = 106 + r. What is the highest common divisor of g and 72?
9
Suppose -1056 = -2*h + 1086. Calculate the greatest common factor of h and 63.
63
Suppose 0 = 3*w - 8*w - 75. Let y be (-354)/w - (-2)/5. Calculate the greatest common factor of 60 and y.
12
Suppose -3*n + 4*n - 23 = 0. Let w = -18 + n. Let g = -12 - -27. Calculate the greatest common divisor of g and w.
5
Let n(m) = -3*m - 22. Let d be n(-8). What is the greatest common factor of d and 16?
2
Let r = -1640 + 2354. What is the highest common divisor of 84 and r?
42
Let y be (-2)/(-24) + 7740/432. What is the highest common divisor of y and 81?
9
Suppose -20 = -4*u - m, -3*u + 5*m = -4*u - 14. Calculate the greatest common factor of u and 33.
3
Let h(a) = -a**2 + 15*a - 41. Let l be h(8). What is the greatest common divisor of l and 285?
15
Suppose i = -0*i + 17. Let x be (51/(-9))/(3/(-9)). What is the greatest common factor of x and i?
17
Let c = 84 + -48. What is the highest common factor of 81 and c?
9
Let s = -31 - -36. Suppose -v + 277 = -s*q - 140, q + 2 = 0. What is the highest common factor of v and 37?
37
Let p(v) = v**2 - 10*v - 6. Let a be p(11). Suppose -5 + 110 = a*k. Suppose -6 = 3*i, -2*o + i + 4*i = -472. What is the greatest common divisor of o and k?
21
Let z(y) = -617*y**3 - 2*y**2 + 25*y + 26. Let o be z(-1). Calculate the greatest common factor of o and 385.
77
Suppose -236 + 128 = -3*n. What is the greatest common factor of n and 24?
12
Let p = -35 + 59. Suppose -2*t - 14 = -5*h, 3*h + t = -3*t + p. Calculate the greatest common divisor of 1 and h.
1
Let h be -1 - ((-7080)/(-5))/(-8). Calculate the greatest common divisor of 11 and h.
11
Suppose -12*k + 94 = -2. Let g be 138/k*40/6. What is the greatest common factor of 46 and g?
23
Suppose -5*x = -5*g - 175, x + 3*g = 5*x - 143. Let k be 3037/20 + 285/1900. What is the highest common divisor of x and k?
38
Suppose u = 6*u - 3*g - 52, 3*u - 4*g = 40. What is the highest common divisor of 24 and u?
8
Suppose -63 = y - 4*y. Let q(z) = 3*z**2 - z - 10. Let d be q(-4). What is the highest common divisor of y and d?
21
Let k = -1332 + 1360. Calculate the greatest common factor of 350 and k.
14
Let q(m) = -5*m - 13. Let b be q(-2). Let t be 5/b*(-112 + -11). Calculate the highest common divisor of t and 82.
41
Suppose 5*m = -3*h + 793, 2*m - 5*h = -4*h + 326. Calculate the highest common factor of 46 and m.
23
Suppose 12 = 2*o - p + 1, 26 = 5*o - 3*p. Calculate the highest common factor of 56 and o.
7
Let s = -2923 + 2938. Let w be 1*-2*405/(-6). Calculate the greatest common divisor of s and w.
15
Let s = 494 + -294. What is the highest common factor of s and 150?
50
Let c(t) = 2*t**2 - 12*t + 20. Let i be c(6). Let k be 80 + 2/((-8)/i). Calculate the greatest common divisor of 60 and k.
15
Suppose 2*t - 130 = -3*t. Let c = t + -21. Let u(d) = -d**3 + 5*d**2 + d + 3. Let r be u(c). Calculate the greatest common divisor of 64 and r.
8
Let i = 117 + -81. Calculate the highest common factor of i and 20.
4
Suppose